e second derivative of -z**3/2 + 9*z**2/2 - 6*z + 4. Give r(6).
-9
Let d(q) = 13 - 2*q**3 + 2*q**2 + q**3 + 5*q**2 - 5*q + 3*q. Let a be d(7). Let s(n) = 17*n**3 + 2*n**2 - 1. Give s(a).
-16
Suppose 4*l = -0*l - 32. Let w be (2*l)/(-4) + 0. Let y(k) = w - k**3 + 4*k**2 + k**2 - k - 2 + 2*k. Calculate y(5).
7
Let b(m) = -3*m + 5. Let o be 375/(-20) + (-3)/(-4). Let h = o - -22. Give b(h).
-7
Let d(k) = k**3 - 7*k**2 + k - 6. Suppose 12*q - 129 + 45 = 0. What is d(q)?
1
Let u(x) = -x**2 - 2*x - 1. Let y = -246 - -240. Determine u(y).
-25
Suppose -2*t - q - 2*q = 2, 3*q = -12. Suppose 2*s = -y + 5, t*y - 2 + 1 = -4*s. Let w(z) = -z**2 + 4*z - 4. What is w(s)?
-4
Suppose -42*t + 11 = -63*t + 32*t. Let i(j) be the second derivative of j**4/6 + j**2/2 - j. What is i(t)?
3
Suppose s - 3*s + 5*q = -21, 4*s + 4*q = 28. Let h(p) = -p**3 + 7*p**2 + 8*p - 7. Determine h(s).
-7
Suppose 0 = 4*x - 9*x - 420. Let j be (-96)/(-7) + (-24)/x. Let a(w) = -j*w - 11*w + 1 + 24*w. What is a(3)?
-2
Let d = -315 - -318. Let h(x) = 5*x + 2. Determine h(d).
17
Let d(r) be the first derivative of r**3/3 + 6*r**2 - 5*r + 36. Let x be d(-12). Let z(k) = k**3 + 5*k**2 - 5. Give z(x).
-5
Let n(r) = 10 - 6*r**2 + 9*r - 20 + 4*r**2 + 3*r**2 + 0*r**2. Calculate n(-9).
-10
Let d(u) = 4 - u**3 - 2*u**2 + 2*u**2 - 16 - u**2. Suppose 6*a - a - 60 = 0. Suppose -2*r - 3*l + a = 0, -2*l - 3*l = -4*r - 20. What is d(r)?
-12
Let i = -22 + 24. Suppose 3*a = -i*s - 4, -16 = -2*s + 2*a - 0*a. Suppose -s*r + 3*q = -12, q + 16 = 2*r + 2*q. Let t(d) = -3*d + 9. What is t(r)?
-9
Let r(v) = 3*v**2 + 0*v + 0*v**2 + v**2 + v. Suppose 29 - 30 = -p. Give r(p).
5
Let g = -4 + 7. Let v(m) = 4 - 7*m + m + 0*m + g*m. Let x(q) = -6*q + 9. Let z(w) = -9*v(w) + 4*x(w). What is z(-4)?
-12
Let t be (2 - 1 - -8) + -3. Let f(r) = -4*r + 4. Let v(d) = -2*d + 5. Let m(q) = t*f(q) - 5*v(q). Give m(1).
-15
Let o(s) = -13*s**3 + 3*s**2 + 3*s + 9. Let d(g) = 24*g**3 - 5*g**2 - 6*g - 17. Let x(f) = -6*d(f) - 11*o(f). Calculate x(-3).
-6
Let c(b) be the second derivative of -1/24*b**4 + 1/2*b**3 + 0*b**2 - 1/12*b**5 - 2*b + 0. Let v(d) be the second derivative of c(d). Determine v(1).
-11
Suppose -13*l + 4 = -11*l. Let j(g) = -7*g**l - g**3 + 3*g - 6*g + 4*g - 2*g + 2. What is j(-7)?
9
Let s be 7/3 - 34/(-51). Let v(m) = -m + 9. Give v(s).
6
Let w(o) = o + 2. Let z = -72 + 72. Suppose 0 = -0*x - 4*x + 4*n + 8, -4*n = z. Determine w(x).
4
Let y = -16 + 16. Let r be (-1)/1*(-4 + y). Let t(b) = 2*b**2 + b**2 + 0*b**2 + 4 - r*b**2 + 5*b. Determine t(5).
4
Let x = 60 + -56. Let g(t) = -1. Let i(z) = 2*z - 13. Let l(u) = x*g(u) - i(u). Calculate l(8).
-7
Let w(j) be the first derivative of -j**2 + 11*j + 19. Determine w(0).
11
Let f(d) = d**2 - d + 9. Suppose 3*b + 2*b - 5 = 0. Suppose p - 2 - b = 3*h, 0 = 3*p + 2*h + 2. Give f(p).
9
Let w(n) = -n**2 + 4*n. Let d be (-6*(-6)/(-48))/(2/(-8)). What is w(d)?
3
Let j(q) = 15*q**2 + 22*q - 21 - 4*q - 3*q**3 - 4*q**3 + 9*q. Let a(m) = 3*m**3 - 7*m**2 - 13*m + 10. Let p(k) = -5*a(k) - 2*j(k). Determine p(7).
-29
Suppose 8*w = -35 - 29. Let c(j) = j**3 + 8*j**2 + 3*j + 10. Give c(w).
-14
Suppose 325 = 12*u + 1. Suppose -2*k - v = 18, -3*k - 6*v = -v + u. Let d(l) = -l**2 - 10*l - 12. Determine d(k).
-3
Let s(h) = -1. Let q(o) = 2*o**3 - 9*o**2 + 5*o - 3. Let v be q(4). Let l(m) = 5*m + 5. Let x(w) = v*l(w) + 5*s(w). Give x(3).
15
Let b(k) be the first derivative of -k**2/2 - 6*k + 1. Let p be ((-24)/9)/(-12 - (-256)/24) - 6. Determine b(p).
-2
Suppose -25 = 7*k - 12*k. Suppose 4*c + k*f - 6 = 0, -4*c = -f - 12 - 6. Let i(t) = t**2 + 0 - 5*t + 0*t + 2*t - 1. Calculate i(c).
3
Let z(j) = -j - 12. Suppose 0 = u + 4*r + 3, -4*u + 12*r + 26 = 9*r. Give z(u).
-17
Let m(t) = 3*t - 1. Let n be m(2). Suppose 5*p + n = 15. Let g(b) = -7 + 2 + b + p. Determine g(5).
2
Let h(i) = i**3 + 3*i**2 - 4*i + 1. Suppose -4*t + 3 = -3*t. Let r(k) = 6*k - 3. Let f be r(t). Suppose -5*p - 5 = f. Calculate h(p).
1
Let x = -26 + 20. Let h(m) = -3*m + 0*m + 4*m. Let u(f) = -3*f - 5. Let l(a) = -2*h(a) - u(a). What is l(x)?
-1
Let c(y) be the second derivative of y**4/12 + 3*y**3/2 + y**2 + 2*y + 38. Calculate c(-10).
12
Let f(y) be the first derivative of y**2/2 + 6*y - 193. Calculate f(-5).
1
Let b(l) = -10*l - 1. Let x(q) = q**3 + 23*q**2 + 20*q - 43. Let s be x(-22). Calculate b(s).
-11
Let y(d) = -4*d + 3. Let x(n) = 4*n - 2. Suppose -7 = 3*s - 19. Let i(w) = s*x(w) + 3*y(w). What is i(-1)?
-3
Let m(s) be the first derivative of 3*s**2/2 - s - 2. Let r(j) = 7*j + 0*j - 6*j - 3*j + 11. Let t be r(5). What is m(t)?
2
Let s = -37 + 45. Let p(y) = y + 1 + 10*y**3 + y + 0 - s*y**3. What is p(-2)?
-19
Let g(l) = -l**2 - l + 3. Let v be g(-3). Suppose 2*p - 3*p = 0. Let x = p + v. Let h(r) = -r**3 - r**2 + 3*r - 3. Determine h(x).
6
Let g(l) = 2*l**2 - 5*l + 1. Let m = 1964 + -1959. Calculate g(m).
26
Let b(m) = 7*m + 5. Let g be b(0). Let w(q) = 62*q + g - 28*q - 31*q. Give w(-4).
-7
Let b(s) = -4*s. Let i(c) = 3*c. Let f(j) = -4*b(j) - 3*i(j). Calculate f(-2).
-14
Let q(s) be the second derivative of -7*s**3/6 + 3*s**2/2 - 5*s. Let k = 403 - 400. Give q(k).
-18
Let r(m) = 2*m**3 - 3*m**2 - m + 2. Let b(f) = -2*f - 26. Let s be b(-14). Suppose 0 = -5*q + 21 - 1, 3*i = q + s. Calculate r(i).
4
Let y(k) be the third derivative of -k**6/120 + k**5/15 - k**4/6 + k**3/3 - k**2. Let c be (-4 - 1)/((-1)/1). Suppose c*x - 6*x = -3. Give y(x).
-1
Suppose -2*b - 3*f + 10 = 0, 2*f = 4*f. Let k(j) = -3*j**2 + 17*j - 2. Let c(t) = 2*t**2 - 11*t + 1. Let r(l) = b*k(l) + 8*c(l). Determine r(3).
-2
Let w be (-2 + -1)/(-3) + 17. Let v be (-1 + w/4)*-2. Let b(s) = -10*s + 2. Let r(o) = 3*o - 1. Let t(a) = -b(a) - 3*r(a). Determine t(v).
-6
Suppose 5*s = 4*m - 17, -3*m + 8*s + 6 = 11*s. Let y(h) = 1 + 25*h**3 - 46*h**3 - 4*h - 2*h**2 + 22*h**3. What is y(m)?
-2
Let q(l) be the third derivative of 5*l**4/8 - 257*l**2. What is q(-1)?
-15
Let j be 1/(-5) + 72/(-15). Suppose 0*r - 2*r = -2. Let s(a) = 0*a**2 + 2*a**2 + 3*a - a**2 - r. Calculate s(j).
9
Let z(x) = 48*x**3 - 7*x**2 - 4*x - 38. Let r(d) = -17*d**3 + 2*d**2 + d + 13. Let g(o) = 17*r(o) + 6*z(o). What is g(-7)?
-7
Let w(c) = -10*c**2 + 1. Let g(l) = -l. Suppose 2*t = 4*p - 10, -t - t - 1 = -p. Let u(v) = t*w(v) + 2*g(v). Determine u(1).
-11
Let h(f) = -737 + 729 + 15*f - 16*f. Give h(-8).
0
Let f(y) = y**3 + 5*y**2 - 7*y - 1. Let v(x) = -x**2 + 11*x - 12. Let a be v(8). Let z be a/(-8)*6/(-9). Suppose l + z = -5. What is f(l)?
5
Let h(w) = 6*w + 6. Suppose 67*a - 18 = 73*a. Determine h(a).
-12
Suppose 0 = 4*w - 4*m - 28, -m + 6*m - 13 = -w. Suppose -7 = w*g + 9. Let b(t) = -2*t - 3. Determine b(g).
1
Let p(k) = -5*k - 13. Let y = 248 - 258. Determine p(y).
37
Let g(p) be the second derivative of p**4/24 + p**3/6 + 3*p**2/2 + 2*p. Let u(s) be the first derivative of g(s). Give u(5).
6
Let f(t) = -t - 7. Suppose -3*d - 7 + 7 = 0. Suppose 4*n + 15 = -d*n + s, 4*s = -4. Give f(n).
-3
Suppose 5*s = 3*n + 9, 0 = 78*s - 79*s - 3*n + 9. Let r(j) = j**3 - 2*j**2 - 5*j - 1. Let z(x) = x**3 - 2*x**2 - 4*x. Let u(b) = -2*r(b) + 3*z(b). What is u(s)?
5
Let r(j) = j**3 - j**2 + 2*j + 3. Let d be r(0). Let o(u) = 0 + 2*u + 4*u - 3*u - 2 - u**2. Calculate o(d).
-2
Let y(c) be the second derivative of -c**4/12 + c**3 - c**2/2 + 12*c. Let m be y(6). Let w(h) = -2*h + h**2 - 3*h + 3*h + 3*h. Give w(m).
0
Let y(u) = -3*u - 14. Let x be 5 + -2*15/3. Give y(x).
1
Let p(k) = 0*k + 56 + 7 + 9*k - 6. Give p(-6).
3
Let w(h) be the second derivative of -h**3/6 - h**2 - h. Suppose -2*q - 3*q = 10. Let g be q*(-4 + (10/4)/1). Give w(g).
-5
Suppose 0*l - 2*x = 2*l - 4, 2*x + 11 = l. Let c(m) = -m + 4. Let r(i) = 1. Let w(z) = -c(z) + 5*r(z). What is w(l)?
6
Let w(y) be the third derivative of -y**5/3 + y**3/6 + y**2. Suppose q + 10 = -c + 7, -3*c - 4 = -2*q. Give w(q).
-19
Let q be (-6 - 13)*-1 + 8/(-2). Let a be (2 - 3)*(q + -5). Let s(v) = v + 15. Calculate s(a).
5
Let c(a) = a + 1. Suppose -4*g + 14 = -5*m, -5*g - 6 = 4*m - 44. Let t = 8 + -4. Suppose t*z + g = 3*v, -3 = 3*z + 4*v + 14. Give c(z).
-2
Let t(j) be the second derivative of j**5/20 - 7*j**4/12 - 3*j**2 + 10*j + 10. Determine t(7).
-6
Let v = 6 + -3. Suppose -2*h + f = h + 9, v*h = -3*f - 21. Let w(o) = 2*o + 5 + o + o**2 + 2*o.